. Let y(p) = -p - 7. Determine y(b).
-1
Suppose h = -o - 5, -4*o - 8 = -3*o + 4*h. Let k = o + 3. Let m(n) be the first derivative of -3*n**3 - n**2/2 - 1. What is m(k)?
-8
Let m(a) be the second derivative of 0*a**3 + 1/2*a**2 + 0 + 2*a + 7/12*a**4. Calculate m(-1).
8
Suppose 5*k + 11 = 46. Let n(t) = -9*t**2 - 3*t + 6. Let j(f) = -4*f**2 - f + 3. Let w(d) = k*j(d) - 3*n(d). Calculate w(3).
0
Let n(d) = -2*d + 9. Suppose 16*g - 3*g - 91 = 0. Calculate n(g).
-5
Let y(s) = s**2 - 5*s + 4. Suppose -5*l = 5*r - 10, -2*l + 3*r + 4 = -3*l. Give y(l).
4
Let t(v) = -2 + 9 + 3 - 11*v - 5 + v**2. Determine t(8).
-19
Let v = 9 - 15. Let n(p) be the third derivative of -p**6/120 - 7*p**5/60 - 7*p**4/24 - p**3/3 + 9*p**2. What is n(v)?
4
Let s(h) = 7*h + 5 - 26*h**2 + 50*h**2 - 23*h**2. What is s(-6)?
-1
Let j(k) be the third derivative of k**9/60480 - k**8/4032 - k**7/630 + k**6/120 + k**5/60 - 5*k**2. Let p(h) be the third derivative of j(h). Determine p(6).
-6
Suppose 0 = -3*g + 12 - 3. Let r(w) = w**3 - 2*w**2 - 3*w + 1. Calculate r(g).
1
Let y = 9 - 6. Let c be 22/y - 2/6. Let d(f) = -5*f + 4. Let k(b) = -11*b + 9. Let z(u) = c*d(u) - 3*k(u). Calculate z(-3).
7
Suppose -z - 5 = -10. Let i(x) = -2 - 2*x**2 + z + 7*x - x**3 - 2*x**2. Calculate i(-5).
-7
Let k(c) = -7*c**3 + c**2 + c + 1. Let r(q) = -q - 6. Let t = 12 - 17. Let i be r(t). What is k(i)?
8
Let a(b) be the first derivative of 5*b**2 - 8. Let p(g) = g**2 - 3*g. Let f be p(2). Let t(v) = v. Let r(d) = f*a(d) + 22*t(d). Determine r(-3).
-6
Let b(a) = -4*a + 2*a + 4*a - 1 + 2. Determine b(4).
9
Let z(g) be the first derivative of -g**2/2 + 4*g - 1. Let j = 24 + -20. What is z(j)?
0
Let a(f) = f - 2. Let r(n) = -n + 3. Let o(y) = -3*a(y) - 2*r(y). Suppose 2*p + 14 = -2*t + 5*t, 0 = t - 3*p. Determine o(t).
-6
Let b(p) = p**2 - 3. Let x be b(3). Let r(z) = -3*z - 4*z + 5*z + 9. Give r(x).
-3
Let f(q) = q**2 - 4. Let i(p) = -p + 10. Let c be i(14). Determine f(c).
12
Let d(g) = -7*g + 3. Let h = 14 + -12. Determine d(h).
-11
Suppose 1 = -4*f + r - 6, -4*f = 4*r + 12. Let o(i) be the second derivative of -i**5/20 - i**4/4 - i**3/3 - 3*i**2/2 + i. Determine o(f).
-3
Suppose 5*u - 4*f = -8, 2*u - 3*f = f - 8. Let r(p) = p - 5. Give r(u).
-5
Let o(k) = k**2 - 6*k + 3. Suppose m - 5 = -0*m. Let y be (-5 + m)/(0 - -2). Let w be (2 + y/(-3))*2. Give o(w).
-5
Let k(w) = -w - 5 - 2 + 4. Determine k(-5).
2
Suppose 0*x - 19 = -4*a - x, -5*x + 15 = 0. Let b(r) = -2*r + 3. Give b(a).
-5
Suppose 0 = -4*j + 3*q + 1, j + 0*j = -q + 2. Let w(p) = -11*p**2 + 2*p - 1. Give w(j).
-10
Let z(b) be the second derivative of b**4/12 + 4*b**3/3 + 3*b**2 + 10*b. Calculate z(-7).
-1
Suppose 2*r = -4, 5*c + 20 = -5*r - 0*r. Let o(v) = v**2 - 3*v + 3. Let n(j) = 5*j**2 - 13*j + 13. Let h(w) = 2*n(w) - 9*o(w). Give h(c).
1
Let x(b) = -2*b + 1. Let p be 0 + 0/4 - (-2 - 2). Determine x(p).
-7
Let i(w) = -2*w**2 + 3*w + 3. Suppose p - 25 = -4*p. Suppose -h - 4*m = -p*h - 8, h = 3*m - 2. Give i(h).
-11
Let z(p) be the first derivative of -3*p**2/2 + 9*p + 42. Give z(6).
-9
Let b(r) = r - 7 + 0 + 0*r. Calculate b(8).
1
Let t(h) = -5 + 5*h**2 + 3*h**3 + 0*h**3 - 5*h**3 + 3*h**3. Give t(-5).
-5
Let s(n) be the first derivative of 2 - 1/2*n**2 + 2*n. Let j be s(2). Let f(r) = -r**2 + r + 2. Calculate f(j).
2
Let v(z) = z**3 - 2*z**2 - z - 1. Let r(m) = m + 4. Let o be r(3). Let t be -1 + (10 - 1/(-1)). Let j = t - o. What is v(j)?
5
Let u = 38 + -29. Let h be 2 - (-1)/2*2. Let n(i) = -i**3 + 1 - 1 - 4*i + u*i + 2*i**2 + h. Calculate n(4).
-9
Let h(j) = 1 - j - 10 + 14 - 6. Determine h(-4).
3
Suppose 5 = -m - 4*m. Suppose b - 4*u = -3*b + 8, 2*u + 5 = 3*b. Let w(g) = -10*g**2 + b - g - g + 3*g. Calculate w(m).
-10
Let z(t) be the second derivative of t**6/720 - t**4/12 - 2*t. Let l(u) be the third derivative of z(u). Give l(0).
0
Let y be (6/(-4))/(3/(-6)). Suppose y*q = 2*q + 3. Let i(o) = -o. Let k(f) = 1. Let p(v) = i(v) + 3*k(v). Give p(q).
0
Let s(r) = -3*r - 1. Suppose -7*x + 9*x = 8. Suppose 2*p - 2*y + 12 = x*p, -y = -2*p. Determine s(p).
-7
Let f(w) = 0 - 2 - 5*w + 0 + 2*w. Calculate f(3).
-11
Let r(m) be the second derivative of -5*m**3/2 - m**2/2 - 4*m. What is r(-1)?
14
Let y(u) = -2*u**3 - u**2 + u - 7. Let f be y(0). Let w(q) = q**3 + 8*q**2 + 7*q - 3. Determine w(f).
-3
Let s(h) = h + 3. Let c = 18 + -21. Give s(c).
0
Let r = -7 + -3. Let y = 11 + r. Let a(v) = 3*v - 1. Calculate a(y).
2
Let i(b) be the third derivative of 1/3*b**3 - 1/36*b**6 + 0 + 0*b**5 + 0*b + 1/24*b**4 - b**2. Let u(p) be the first derivative of i(p). Give u(1).
-9
Let l(z) = z**2 + 12*z + 15. Let y be l(-11). Suppose y*b + 9 = -s, 0 = -2*s - 2. Let r(g) = -g**2 + g + 2. Determine r(b).
-4
Suppose 5*s + 16 = 11. Let m(u) = 6*u**3 - u**2 - u. What is m(s)?
-6
Let c = -69 - -73. Let d(n) = n**2 - 4*n + 2. Determine d(c).
2
Let a(r) = -3*r**3 + 11*r**2 + 17*r - 20. Let v(l) = l**3 - 4*l**2 - 6*l + 7. Let s(j) = 2*a(j) + 7*v(j). Determine s(7).
2
Let u(i) = i**3 - 6*i**2 + 7*i - 3. Suppose -4*o + 2*z + 21 = -o, 2*o + 4*z = -2. What is u(o)?
7
Let s(r) = -r**3 - 6*r**2 + 4. Let o be s(-6). Let c(m) = -23*m + 1 - 7 + 0 + 27*m - m**2. Calculate c(o).
-6
Let k(w) be the third derivative of 1/8*w**4 + 1/120*w**6 + 1/6*w**3 + 0 + 0*w + w**2 + 1/20*w**5. Let u = -2 + 0. Give k(u).
-1
Let c(g) be the first derivative of g**5/120 - g**4/8 + 2*g**3/3 + 2. Let o(x) be the third derivative of c(x). Let l = 10 + -15. Give o(l).
-8
Let o(r) be the third derivative of r**6/60 - r**5/60 - r**4/6 + r**3/2 + 2*r**2. Let k = -4 + 6. Calculate o(k).
7
Let i = 27 + -15. Suppose 4 + i = 4*q. Let l = q - 6. Let g(o) = o**3 - o**2 - o + 1. Give g(l).
-9
Let o(h) = h - 1. Let c be (-15)/(-25) + 77/5. Let i = -16 + c. Determine o(i).
-1
Suppose 0*y + o = -4*y + 1, 3*y = -2*o + 2. Let s(t) = -6*t - 4 + y + 3. Calculate s(-1).
5
Let t be -3 - -4 - 21/(-1). Suppose 3*q = -n + t, -4 = 2*q - 3*q - n. Suppose 7*j - q = 4*j. Let u(p) = p - 4. Calculate u(j).
-1
Let x(a) = -2*a. Suppose 3*w - 9 = -2*v, -5 = -v - 0*w - 2*w. Suppose -v*j = j + 8. Let z = j + 1. Determine x(z).
2
Let p(k) be the third derivative of k**6/120 - 7*k**5/60 + k**4/8 + 7*k**3/6 + 11*k**2. Determine p(6).
-11
Let b(f) = 3 - 4*f**2 + 2*f**2 + 3*f**2 + 8*f. Give b(-6).
-9
Let r(b) = b**2 + 2*b - 1. Let t = 6 + -4. Let k = 3 - t. Determine r(k).
2
Suppose 3*l = -2 + 8. Let r(p) = -2 + 2*p**2 + l*p - 3*p - 3*p**2 + 3*p**2. Determine r(3).
13
Let n(i) be the third derivative of -i**6/240 + i**5/30 + i**4/12 + 4*i**2. Let k(f) be the second derivative of n(f). What is k(5)?
-11
Let o(r) be the second derivative of -r**3/6 - 5*r**2/2 - r. Let a be o(-3). Let t(q) = 0*q - 3*q**3 + 2*q**3 + 3*q + 1. What is t(a)?
3
Suppose -4*i + i = 5*k + 15, 0 = 5*k - 5*i + 55. Let l = 8 + k. Let c(w) = -l*w - 5*w**2 - 2*w**3 + 5*w - w + 3*w**3. Give c(2).
-8
Let q(k) be the third derivative of -7*k**6/120 - k**3/6 + 16*k**2. Give q(-1).
6
Let q(y) = -y + 6*y - 2*y - 1. Let n(d) = d**2 - 2*d + 4. Let l be n(0). Let b(z) = z**3 - 2*z**2 - 7*z - 1. Let g be b(l). What is q(g)?
8
Let p(m) = -2*m + 1. Let r = 19 + -16. Suppose 4*u - 3*f = u - 6, 18 = 5*u + 2*f. Suppose 0 = 3*j + u*n - 16, -2*j - 8 = -r*n + 3. Give p(j).
-3
Suppose 13*w = 8*w. Let g(h) be the third derivative of 0*h**3 - h**2 + 1/10*h**5 + 0*h + w*h**4 + 0. Determine g(-1).
6
Let r = -30 + 39. Let x(m) = -m + 9. Determine x(r).
0
Let x(m) = -m**2 - 3*m + 3. Suppose -4*d - 10 = 3*q + 18, -q - d - 8 = 0. Let r be q/(-6) + (-38)/(-6). Let k = -11 + r. Give x(k).
-1
Let s(y) = -3*y - 4 + 3 + 0 + 3. Let l(t) = t. Let o(n) = 5*n - 3. Let d(p) = 6*l(p) - o(p). Let c be d(0). Determine s(c).
-7
Let x(a) = -a**3 + a**2. Suppose 2*i + 2 + 2 = -2*m, 4*m - 2*i - 10 = 0. Suppose 2*t - 3 = 3*p + t, -2*t = -p - m. Calculate x(p).
2
Let x(p) = 6*p**3 + 3*p**2 - 3*p + 1. Let m be x(1). Let d(i) = i - 3. What is d(m)?
4
Suppose 0 = -4*z + 2*z - 3*n - 4, 5*z - 9 = 2*n. Suppose -z = -c + 4. Let i = 3 - c. Let x(w) = -w**3 - 2*w**2 - w + 2. Calculate x(i).
4
Let c(k) = -k**3 + k**2 + k - 3. Let s(v) = -v**2. Let b(t) = -c(t) + 4*s(t). Calculate b(5).
-2
Let k(p) be the second derivative of -p**4/12 - p**3/3 + 2*p**2 + 16*p. Calculate k(-5).
-11
Let y(p) be the first derivative of -3*p**2/2 